{"id":11,"date":"2018-12-18T05:53:34","date_gmt":"2018-12-18T05:53:34","guid":{"rendered":"http:\/\/www.patronum.ca\/about-me\/"},"modified":"2021-01-26T09:50:27","modified_gmt":"2021-01-26T14:50:27","slug":"elevage-barbets-patronum","status":"publish","type":"page","link":"https:\/\/barbetspatronum.ca\/index.php\/elevage-barbets-patronum\/","title":{"rendered":"\u00c0 propos"},"content":{"rendered":"\t\t<div data-elementor-type=\"wp-page\" data-elementor-id=\"11\" class=\"elementor elementor-11\">\n\t\t\t\t\t\t<section class=\"elementor-section elementor-top-section elementor-element elementor-element-1e55449f elementor-section-boxed elementor-section-height-default elementor-section-height-default\" data-id=\"1e55449f\" data-element_type=\"section\" data-e-type=\"section\">\n\t\t\t\t\t\t<div class=\"elementor-container elementor-column-gap-default\">\n\t\t\t\t\t<div class=\"elementor-column elementor-col-100 elementor-top-column elementor-element elementor-element-f2fea01\" data-id=\"f2fea01\" data-element_type=\"column\" data-e-type=\"column\">\n\t\t\t<div class=\"elementor-widget-wrap elementor-element-populated\">\n\t\t\t\t\t\t<div class=\"elementor-element elementor-element-5f8532b4 elementor-widget elementor-widget-heading\" data-id=\"5f8532b4\" data-element_type=\"widget\" data-e-type=\"widget\" data-widget_type=\"heading.default\">\n\t\t\t\t<div class=\"elementor-widget-container\">\n\t\t\t\t\t<h1 class=\"elementor-heading-title elementor-size-default\">\u00c0 propos de Patronum<\/h1>\t\t\t\t<\/div>\n\t\t\t\t<\/div>\n\t\t\t\t\t<\/div>\n\t\t<\/div>\n\t\t\t\t\t<\/div>\n\t\t<\/section>\n\t\t\t\t<section class=\"elementor-section elementor-top-section elementor-element elementor-element-1d78c6e elementor-section-boxed elementor-section-height-default elementor-section-height-default\" data-id=\"1d78c6e\" data-element_type=\"section\" data-e-type=\"section\">\n\t\t\t\t\t\t<div class=\"elementor-container elementor-column-gap-default\">\n\t\t\t\t\t<div class=\"elementor-column elementor-col-100 elementor-top-column elementor-element elementor-element-bd325e8\" data-id=\"bd325e8\" data-element_type=\"column\" data-e-type=\"column\">\n\t\t\t<div class=\"elementor-widget-wrap elementor-element-populated\">\n\t\t\t\t\t\t<div class=\"elementor-element elementor-element-f0b0f0a elementor-widget elementor-widget-text-editor\" data-id=\"f0b0f0a\" data-element_type=\"widget\" data-e-type=\"widget\" data-widget_type=\"text-editor.default\">\n\t\t\t\t<div class=\"elementor-widget-container\">\n\t\t\t\t\t\t\t\t\t<h3>Voici l&#8217;histoire de l&#8217;\u00e9levage Barbets Patronum<\/h3><p>Barbets Patronum, c\u2019est l\u2019aboutissement d\u2019une passion et d\u2019un amour profond pour le barbet. Frapp\u00e9 d\u2019un coup de foudre commun pour cette race alors que nous \u00e9tions un jeune couple, nous avons attendu une douzaine d\u2019ann\u00e9es avant de faire le saut et d&#8217;adopter notre premier barbet.\u00a0<\/p><p>\u00c0 l\u2019\u00e9poque, on avait quelque chose qui se fait bien rare aujourd\u2019hui : des temps libres ! Il ne restait plus un film \u00e0 voir au cin\u00e9ma, alors on visitait un peu n\u2019importe quoi. Ce jour-l\u00e0, il s\u2019agissait d\u2019un salon canin, o\u00f9 nous avons rencontr\u00e9 Denyse Rousseau de l\u2019\u00e9levage Bleuzorange. En fait, avant de la conna\u00eetre, nous avions surtout remarqu\u00e9 la magnifique Skinny-Mini. Pendant que Denyse, qui avait import\u00e9 cette magnifique femelle de France, r\u00e9pondait aux questions des curieux, nous avions profit\u00e9 de la diversion pour subtilement glisser nos mains dans son \u00e9paisse fourrure. C\u2019est ce jour-l\u00e0 que tout commen\u00e7a, du moins c\u2019est ce jour-l\u00e0 que s\u2019amor\u00e7ait l\u2019attente de plus d\u2019une d\u00e9cennie!\u00a0<\/p><h3>Notre premier barbet : Mystique<\/h3><p><img decoding=\"async\" class=\"alignleft wp-image-26775\" src=\"https:\/\/i0.wp.com\/barbetspatronum.ca\/wp-content\/uploads\/2021\/01\/IMG_7421.jpg?resize=163%2C245&#038;ssl=1\" alt=\"\" width=\"163\" height=\"245\" data-recalc-dims=\"1\" srcset=\"https:\/\/barbetspatronum.ca\/wp-content\/uploads\/2021\/01\/IMG_7421.jpg 640w, https:\/\/barbetspatronum.ca\/wp-content\/uploads\/2021\/01\/IMG_7421-200x300.jpg 200w\" sizes=\"(max-width: 163px) 100vw, 163px\" \/>La naissance de nos premiers enfants, la construction de notre r\u00e9sidence actuelle, plusieurs grandes \u00e9tapes de notre vie se sont succ\u00e9d\u00e9es, gardant toujours le d\u00e9sir d\u2019adopter le petit chiot qui allait changer notre vie. Nous sommes rest\u00e9s en contact avec l\u2019\u00e9leveur pendant ces nombreuses ann\u00e9es, pour finalement adopter <b><a href=\"http:\/\/barbetspatronum.ca\/index.php\/nos-chiens\/mystique\/\">Mystique<\/a><\/b>, petite femelle marron, cinqui\u00e8me g\u00e9n\u00e9ration descendante de Skiny-Mini.<\/p><p>Charm\u00e9s par ses qualit\u00e9s autant physiques que par son temp\u00e9rament merveilleux, elle nous a fait d\u00e9couvrir tout un monde, passant de la comp\u00e9tition de conformation, jusqu\u2019\u00e0 la reproduction. Nous avons maintenant un \u00e9levage dont nous sommes tr\u00e8s fiers. Nous sommes enregistr\u00e9s au Club canin canadien. Membre impliqu\u00e9 au club barbet Canada ainsi que Barbets Qu\u00e9bec, tr\u00e8s actifs dans le milieu de la comp\u00e9tition, et d\u00e9vou\u00e9s \u00e0 promouvoir cette si magnifique race.<\/p><h3>L&#8217;origine du nom Patronum<\/h3><p>Pour ce qui est du nom de chenil Patronum, c\u2019est en famille que nous l\u2019avons trouv\u00e9. Nous sommes les heureux parents de quatre enfants, amoureux des chiens, qui s\u2019impliquent avec c\u0153ur dans notre \u00e9levage. Il \u00e9tait logique de les impliquer lors du choix du nom qui suivrait les futures g\u00e9n\u00e9rations de nos chiens.\u00a0<\/p><p><img fetchpriority=\"high\" decoding=\"async\" class=\"alignright wp-image-26622 size-medium\" src=\"https:\/\/i0.wp.com\/barbetspatronum.ca\/wp-content\/uploads\/2021\/01\/Anne-Marie-David-cap-tourmente.jpeg?resize=260%2C300&#038;ssl=1\" alt=\"\" width=\"260\" height=\"300\" data-recalc-dims=\"1\" \/>C\u2019est particuli\u00e8rement Clara qui a eu l\u2019id\u00e9e et, en y r\u00e9fl\u00e9chissant, ce choix est rapidement devenu \u00e9vident pour nous. Patronum provient du latin, ce mot signifie protecteur, celui qui prot\u00e8ge et veille sur l\u2019autre. Oui Clara parle aussi latin&#8230;ou pas.\u00a0<\/p><p>Dans la culture populaire ce mot f\u00fbt utilis\u00e9 dans la s\u00e9rie Harry Potter. Le patronus, \u00abexpecto Patronum\u00bb est le sortil\u00e8ge de protection qu\u2019un sorcier emploie pour se d\u00e9fendre. En puisant dans ses souvenirs les plus heureux, il fait appara\u00eetre un gardien spectral qui se manifeste comme un animal. Sauf pour certains sorciers particuliers, les patronus auront tr\u00e8s souvent la forme d\u2019un chien.\u00a0<\/p><p>Les n\u00f4tres, <a href=\"https:\/\/barbetspatronum.ca\/index.php\/nos-chiens\/mystique\/\"><strong>Mystique<\/strong><\/a> et <a href=\"https:\/\/barbetspatronum.ca\/index.php\/nos-chiens\/valka\/\"><strong>Valka<\/strong><\/a>, ne sont pas apparues par magie, mais c\u2019est ce qu\u2019elles repr\u00e9sentent dans nos vies, et elles auront toujours une place de choix dans nos pens\u00e9es les plus heureuses.<\/p><p><b>Anne-Marie et David<\/b><\/p>\t\t\t\t\t\t\t\t<\/div>\n\t\t\t\t<\/div>\n\t\t\t\t\t<\/div>\n\t\t<\/div>\n\t\t\t\t\t<\/div>\n\t\t<\/section>\n\t\t\t\t<\/div>\n\t\t","protected":false},"excerpt":{"rendered":"<p>\u00c0 propos de Patronum Voici l&#8217;histoire de l&#8217;\u00e9levage Barbets Patronum Barbets Patronum, c\u2019est l\u2019aboutissement d\u2019une passion et d\u2019un amour profond pour le barbet. Frapp\u00e9 d\u2019un coup de foudre commun pour cette race alors que nous \u00e9tions un jeune couple, nous avons attendu une douzaine d\u2019ann\u00e9es avant de faire le saut et d&#8217;adopter notre premier barbet.\u00a0 &hellip;<\/p>\n<p class=\"read-more\"> <a class=\"\" href=\"https:\/\/barbetspatronum.ca\/index.php\/elevage-barbets-patronum\/\"> <span class=\"screen-reader-text\">\u00c0 propos<\/span> Lire la suite \u00bb<\/a><\/p>\n","protected":false},"author":1,"featured_media":25779,"parent":0,"menu_order":0,"comment_status":"closed","ping_status":"closed","template":"","meta":{"site-sidebar-layout":"no-sidebar","site-content-layout":"page-builder","ast-global-header-display":"","ast-main-header-display":"","ast-hfb-above-header-display":"","ast-hfb-below-header-display":"","ast-hfb-mobile-header-display":"","site-post-title":"disabled","ast-breadcrumbs-content":"","ast-featured-img":"disabled","footer-sml-layout":"","theme-transparent-header-meta":"enabled","adv-header-id-meta":"","stick-header-meta":"default","header-above-stick-meta":"","header-main-stick-meta":"","header-below-stick-meta":"","footnotes":""},"class_list":["post-11","page","type-page","status-publish","has-post-thumbnail","hentry"],"_links":{"self":[{"href":"https:\/\/barbetspatronum.ca\/index.php\/wp-json\/wp\/v2\/pages\/11","targetHints":{"allow":["GET"]}}],"collection":[{"href":"https:\/\/barbetspatronum.ca\/index.php\/wp-json\/wp\/v2\/pages"}],"about":[{"href":"https:\/\/barbetspatronum.ca\/index.php\/wp-json\/wp\/v2\/types\/page"}],"author":[{"embeddable":true,"href":"https:\/\/barbetspatronum.ca\/index.php\/wp-json\/wp\/v2\/users\/1"}],"replies":[{"embeddable":true,"href":"https:\/\/barbetspatronum.ca\/index.php\/wp-json\/wp\/v2\/comments?post=11"}],"version-history":[{"count":77,"href":"https:\/\/barbetspatronum.ca\/index.php\/wp-json\/wp\/v2\/pages\/11\/revisions"}],"predecessor-version":[{"id":26916,"href":"https:\/\/barbetspatronum.ca\/index.php\/wp-json\/wp\/v2\/pages\/11\/revisions\/26916"}],"wp:featuredmedia":[{"embeddable":true,"href":"https:\/\/barbetspatronum.ca\/index.php\/wp-json\/wp\/v2\/media\/25779"}],"wp:attachment":[{"href":"https:\/\/barbetspatronum.ca\/index.php\/wp-json\/wp\/v2\/media?parent=11"}],"curies":[{"name":"wp","href":"https:\/\/api.w.org\/{rel}","templated":true}]}}