{"id":25288,"date":"2020-08-15T23:48:12","date_gmt":"2020-08-15T21:48:12","guid":{"rendered":"http:\/\/www.patronum.ca\/?page_id=25288"},"modified":"2021-01-26T10:07:30","modified_gmt":"2021-01-26T15:07:30","slug":"prendre-soin-de-son-barbet","status":"publish","type":"page","link":"https:\/\/barbetspatronum.ca\/index.php\/prendre-soin-de-son-barbet\/","title":{"rendered":"Prendre soin de son barbet"},"content":{"rendered":"\t\t<div data-elementor-type=\"wp-page\" data-elementor-id=\"25288\" class=\"elementor elementor-25288\">\n\t\t\t\t\t\t<section class=\"elementor-section elementor-top-section elementor-element elementor-element-5c51efd7 elementor-section-boxed elementor-section-height-default elementor-section-height-default\" data-id=\"5c51efd7\" data-element_type=\"section\" data-e-type=\"section\">\n\t\t\t\t\t\t<div class=\"elementor-container elementor-column-gap-default\">\n\t\t\t\t\t<div class=\"elementor-column elementor-col-100 elementor-top-column elementor-element elementor-element-346a58b1\" data-id=\"346a58b1\" data-element_type=\"column\" data-e-type=\"column\">\n\t\t\t<div class=\"elementor-widget-wrap elementor-element-populated\">\n\t\t\t\t\t\t<div class=\"elementor-element elementor-element-4c650c68 elementor-widget elementor-widget-heading\" data-id=\"4c650c68\" data-element_type=\"widget\" data-e-type=\"widget\" data-widget_type=\"heading.default\">\n\t\t\t\t<div class=\"elementor-widget-container\">\n\t\t\t\t\t<h1 class=\"elementor-heading-title elementor-size-default\">Prendre soin de son barbet<\/h1>\t\t\t\t<\/div>\n\t\t\t\t<\/div>\n\t\t\t\t\t<\/div>\n\t\t<\/div>\n\t\t\t\t\t<\/div>\n\t\t<\/section>\n\t\t\t\t<section class=\"elementor-section elementor-top-section elementor-element elementor-element-603d32e6 elementor-section-boxed elementor-section-height-default elementor-section-height-default\" data-id=\"603d32e6\" data-element_type=\"section\" data-e-type=\"section\">\n\t\t\t\t\t\t<div class=\"elementor-container elementor-column-gap-default\">\n\t\t\t\t\t<div class=\"elementor-column elementor-col-100 elementor-top-column elementor-element elementor-element-1c3cbf56\" data-id=\"1c3cbf56\" data-element_type=\"column\" data-e-type=\"column\">\n\t\t\t<div class=\"elementor-widget-wrap elementor-element-populated\">\n\t\t\t\t\t\t<div class=\"elementor-element elementor-element-4cf8e03d elementor-widget elementor-widget-text-editor\" data-id=\"4cf8e03d\" data-element_type=\"widget\" data-e-type=\"widget\" data-widget_type=\"text-editor.default\">\n\t\t\t\t<div class=\"elementor-widget-container\">\n\t\t\t\t\t\t\t\t\t\n<h3 class=\"wp-block-heading\">Le toilettage<\/h3>\n\n<p>Le <strong><a href=\"https:\/\/barbetspatronum.ca\/index.php\/a-propos-du-barbet\/\">barbet<\/a><\/strong> \u00e0 la fourrure pleine longueur demande beaucoup d\u2019entretien, attendez-vous \u00e0 1 ou 2 brossages \u00e0 fond par semaine (quelques heures pour un habitu\u00e9), ils sont si beaux comme \u00e7a. Vous devrez vous familiariser avec une brosse \u00e0 carde et un peigne \u00e0 dents longues pour venir \u00e0 bout des n\u0153uds et du feutre qui se forment dans leur fourrure. L\u2019utilisation d\u2019un vaporisateur d\u00e9m\u00ealant vous facilitera la t\u00e2che et ab\u00eemera moins le poil. Sinon, le raccourcir pr\u00e9f\u00e9rablement aux ciseaux ou sinon la tonte. Plus court \u00e7a ne veut pas dire pas de brossage du tout, mais un brossage qui prendra moins de temps. Prenez en consid\u00e9ration les traits distinctifs de la coupe d\u2019un barbet selon le standard officiel. Puisqu\u2019il s\u2019agit d\u2019une race plus rare, certains toiletteurs n\u2019y sont pas habitu\u00e9s, les r\u00e9sultats seront alors catastrophiques si vous ne pouvez pas les informer. La fourrure a besoin d\u2019\u00eatre a\u00e9r\u00e9e et la peau d\u2019\u00eatre vivifi\u00e9e. Les yeux essuy\u00e9s chaque jour. Les oreilles \u00e9pil\u00e9es r\u00e9guli\u00e8rement avec une pince \u00e0 \u00e9piler ou des pinces h\u00e9mostatiques et nettoy\u00e9es avec une solution en vente chez les v\u00e9t\u00e9rinaires, Cet entretien est tr\u00e8s important pour \u00e9viter les otites \u00e0 r\u00e9p\u00e9tition. Mettez-y un effort de plus \u00e0 la suite d\u2019une activit\u00e9 aquatique. Mieux vaut pr\u00e9venir que gu\u00e9rir. Les dents doivent \u00eatre bross\u00e9es au moins une fois semaine. Les griffes coup\u00e9es r\u00e9guli\u00e8rement pour \u00e9viter la douleur aux phalanges et le bruit sur le sol. Les bains pas trop souvent, avec un produit de qualit\u00e9 adapt\u00e9 au pelage du barbet. Pour nettoyer un pelage boueux ou humide, il suffit de laisser s\u00e9cher et d\u2019effectuer un bon brossage et le tour est jou\u00e9. Tous ces soins n\u00e9cessitent beaucoup de temps et un effort constant. C\u2019est \u00e0 consid\u00e9rer si vous songez \u00e0 partager votre vie avec ces beaux grands fris\u00e9s.<\/p>\n\n<h3 class=\"wp-block-heading\">L\u2019alimentation<\/h3>\n\n<p>Les barbets ne sont pas de nature gloutonne et n\u2019auront tendance qu\u2019\u00e0 consommer une quantit\u00e9 moyenne de nourriture. Ils mangeront plus \u00e0 l\u2019occasion selon leur croissance ou leurs activit\u00e9s. Le choix du type d\u2019aliment est souvent la question qui ouvrira de grands d\u00e9bats. Loin de nous l\u2019id\u00e9e d\u2019imposer notre fa\u00e7on de penser sur le sujet, l\u2019aspect fondamental de la chose est d\u2019offrir \u00e0 votre compagnon une nourriture de qualit\u00e9, qu\u2019il tol\u00e8re bien, et qui lui apporte \u00e9nergie et sant\u00e9. Si vous souhaitez offrir \u00e0 votre barbet de la viande crue, il est parfaitement envisageable de le faire, nous avons-nous m\u00eame donn\u00e9 du cru pendant quelques ann\u00e9es. Cependant plusieurs raisons nous ont pouss\u00e9s avec le temps \u00e0 retourner vers la nourriture en croquettes. Nous offrons \u00e0 nos chiens des pr\u00e9parations de la gamme Royal Canin pro. Ceux-ci la tol\u00e8rent bien et ils sont en pleine sant\u00e9. Il est aussi b\u00e9n\u00e9fique de leur offrir des aliments qui viendront leur fournir un apport en nutriments diff\u00e9rents, comme par des carottes, des pommes, brocoli, fromage etc.<\/p>\n\n<h3 class=\"wp-block-heading\">La cage<\/h3>\n\n<p>La cage est un endroit s\u00e9curitaire o\u00f9 le chien peut se rendre pour se reposer et refaire ses forces, ce n\u2019est pas une prison, loin de l\u00e0, c\u2019est un outil dont on ne peut pas se passer en apprentissage, il s\u2019agit de confinement pr\u00e9ventif. Non seulement elle sera un atout important pour les habitudes \u00e0 la propret\u00e9, mais elle symbolisera pour le chien en quelque sorte sa chambre, soit un espace rassurant o\u00f9 il peut \u00eatre tranquille.<\/p>\n\n<p>La dimension de celle-ci serait au minimum de 24x36x27 po. pour une femelle et peut-\u00eatre plus grande pour un m\u00e2le adulte de grande taille. Si vous poss\u00e9dez d\u00e9j\u00e0 diff\u00e9rents formats de cage pouvant s\u2019adapter au rythme de sa croissance c\u2019est parfait. Sinon au d\u00e9but, la cage sera de dimension r\u00e9duite pour faciliter la propret\u00e9 (utilisation d\u2019un s\u00e9parateur) car il ne fera pas ses besoins \u00e0 l\u2019endroit o\u00f9 il dort. Son espace grandira avec lui.<\/p>\n\n<p>Il y a plusieurs types de cage. Certaines sont bien adapt\u00e9es pour le transport tel les mod\u00e8les en plastique de type \u00ab vari kennel \u00bb. Cependant celles-ci ne se plient pas pour le rangement. Elles n\u2019offrent d\u2019ailleurs pas une excellente a\u00e9ration au chien, pas l\u2019id\u00e9al. Les cages pliantes de toile sont tr\u00e8s utiles lors de voyage puisqu\u2019elles sont tr\u00e8s l\u00e9g\u00e8res. Leur d\u00e9savantage est au niveau de la s\u00e9curit\u00e9. Un barbet aux grandes ambitions d\u2019\u00e9vasion ne mettra que bien peu d\u2019effort avant de d\u00e9chirer les moustiquaires et jouir d\u2019une nouvelle libert\u00e9 pas n\u00e9cessairement souhaitable selon le lieu. La meilleure option selon nous c\u2019est la cage pliante en m\u00e9tal. Moins encombrante que le Vari Kennel, un peu plus lourde que la toile, mais tr\u00e8s s\u00e9curitaire. Elle offre une a\u00e9ration maximale, elle se nettoie bien et est g\u00e9n\u00e9ralement assez abordable.<\/p>\n\n<h3 class=\"wp-block-heading\">Les activit\u00e9s<\/h3>\n\n<p>Le barbet est un chien tr\u00e8s intelligent et tr\u00e8s versatile. Il pourra sans probl\u00e8me s\u2019adonner \u00e0 de multiples sports ou exercices avec l\u2019entra\u00eenement n\u00e9cessaire. Pour conserver un corps sain dans un esprit sain, le barbet doit quotidiennement se d\u00e9penser, au minimum une bonne promenade l\u2019aidera \u00e0 conserver la forme et \u00e0 d\u00e9penser le surplus d\u2019\u00e9nergie. \u00c9tant tr\u00e8s \u00e9nergique lors des jeux et balades, il est tout autant capable de se calmer rapidement, une fois \u00e0 l\u2019int\u00e9rieur de votre domicile, il sera g\u00e9n\u00e9ralement tr\u00e8s calme et plut\u00f4t pantouflard. Un barbet qui manque d\u2019activit\u00e9s physiques ou de stimulation mentale sera plus \u00e0 risque avec le temps de d\u00e9velopper des troubles de comportement et possiblement souffrir d\u2019anxi\u00e9t\u00e9.<img fetchpriority=\"high\" decoding=\"async\" class=\"aligncenter wp-image-26799 size-large\" src=\"https:\/\/i0.wp.com\/barbetspatronum.ca\/wp-content\/uploads\/2021\/01\/A2774F5A-BE01-4EBF-A2D7-7B452B3A0183-scaled-e1611089839867-1024x768.jpg?resize=1024%2C768&#038;ssl=1\" alt=\"\" width=\"1024\" height=\"768\" data-recalc-dims=\"1\" srcset=\"https:\/\/barbetspatronum.ca\/wp-content\/uploads\/2021\/01\/A2774F5A-BE01-4EBF-A2D7-7B452B3A0183-scaled-e1611089839867-1024x768.jpg 1024w, https:\/\/barbetspatronum.ca\/wp-content\/uploads\/2021\/01\/A2774F5A-BE01-4EBF-A2D7-7B452B3A0183-scaled-e1611089839867-300x225.jpg 300w, https:\/\/barbetspatronum.ca\/wp-content\/uploads\/2021\/01\/A2774F5A-BE01-4EBF-A2D7-7B452B3A0183-scaled-e1611089839867-768x576.jpg 768w, https:\/\/barbetspatronum.ca\/wp-content\/uploads\/2021\/01\/A2774F5A-BE01-4EBF-A2D7-7B452B3A0183-scaled-e1611089839867-1536x1152.jpg 1536w, https:\/\/barbetspatronum.ca\/wp-content\/uploads\/2021\/01\/A2774F5A-BE01-4EBF-A2D7-7B452B3A0183-scaled-e1611089839867.jpg 1920w\" sizes=\"(max-width: 1024px) 100vw, 1024px\" \/><\/p>\n\t\t\t\t\t\t\t\t<\/div>\n\t\t\t\t<\/div>\n\t\t\t\t\t<\/div>\n\t\t<\/div>\n\t\t\t\t\t<\/div>\n\t\t<\/section>\n\t\t\t\t<\/div>\n\t\t","protected":false},"excerpt":{"rendered":"<p>Prendre soin de son barbet Le toilettage Le barbet \u00e0 la fourrure pleine longueur demande beaucoup d\u2019entretien, attendez-vous \u00e0 1 ou 2 brossages \u00e0 fond par semaine (quelques heures pour un habitu\u00e9), ils sont si beaux comme \u00e7a. Vous devrez vous familiariser avec une brosse \u00e0 carde et un peigne \u00e0 dents longues pour venir &hellip;<\/p>\n<p class=\"read-more\"> <a class=\"\" href=\"https:\/\/barbetspatronum.ca\/index.php\/prendre-soin-de-son-barbet\/\"> <span class=\"screen-reader-text\">Prendre soin de son barbet<\/span> Lire la suite \u00bb<\/a><\/p>\n","protected":false},"author":1,"featured_media":26599,"parent":0,"menu_order":0,"comment_status":"closed","ping_status":"closed","template":"","meta":{"site-sidebar-layout":"default","site-content-layout":"default","ast-global-header-display":"","ast-main-header-display":"","ast-hfb-above-header-display":"","ast-hfb-below-header-display":"","ast-hfb-mobile-header-display":"","site-post-title":"","ast-breadcrumbs-content":"","ast-featured-img":"","footer-sml-layout":"","theme-transparent-header-meta":"default","adv-header-id-meta":"","stick-header-meta":"default","header-above-stick-meta":"","header-main-stick-meta":"","header-below-stick-meta":"","footnotes":""},"class_list":["post-25288","page","type-page","status-publish","has-post-thumbnail","hentry"],"_links":{"self":[{"href":"https:\/\/barbetspatronum.ca\/index.php\/wp-json\/wp\/v2\/pages\/25288","targetHints":{"allow":["GET"]}}],"collection":[{"href":"https:\/\/barbetspatronum.ca\/index.php\/wp-json\/wp\/v2\/pages"}],"about":[{"href":"https:\/\/barbetspatronum.ca\/index.php\/wp-json\/wp\/v2\/types\/page"}],"author":[{"embeddable":true,"href":"https:\/\/barbetspatronum.ca\/index.php\/wp-json\/wp\/v2\/users\/1"}],"replies":[{"embeddable":true,"href":"https:\/\/barbetspatronum.ca\/index.php\/wp-json\/wp\/v2\/comments?post=25288"}],"version-history":[{"count":31,"href":"https:\/\/barbetspatronum.ca\/index.php\/wp-json\/wp\/v2\/pages\/25288\/revisions"}],"predecessor-version":[{"id":26926,"href":"https:\/\/barbetspatronum.ca\/index.php\/wp-json\/wp\/v2\/pages\/25288\/revisions\/26926"}],"wp:featuredmedia":[{"embeddable":true,"href":"https:\/\/barbetspatronum.ca\/index.php\/wp-json\/wp\/v2\/media\/26599"}],"wp:attachment":[{"href":"https:\/\/barbetspatronum.ca\/index.php\/wp-json\/wp\/v2\/media?parent=25288"}],"curies":[{"name":"wp","href":"https:\/\/api.w.org\/{rel}","templated":true}]}}